40
Calculate the remainder when 847 is divided by 317.
213
Calculate the remainder when 1716 is divided by 285.
6
What is the remainder when 38 is divided by 8?
6
Calculate the remainder when 299 is divided by 75.
74
Calculate the remainder when 1193 is divided by 81.
59
Calculate the remainder when 14110 is divided by 96.
94
Calculate the remainder when 2752 is divided by 53.
49
Calculate the remainder when 164 is divided by 21.
17
What is the remainder when 6338 is divided by 61?
55
What is the remainder when 332 is divided by 26?
20
What is the remainder when 1972 is divided by 396?
388
Calculate the remainder when 268 is divided by 77.
37
Calculate the remainder when 8214 is divided by 40.
14
Calculate the remainder when 4561 is divided by 12.
1
Calculate the remainder when 15 is divided by 10.
5
Calculate the remainder when 89 is divided by 11.
1
Calculate the remainder when 238 is divided by 24.
22
What is the remainder when 77 is divided by 35?
7
Calculate the remainder when 132 is divided by 47.
38
Calculate the remainder when 236 is divided by 40.
36
Calculate the remainder when 454 is divided by 65.
64
Calculate the remainder when 985 is divided by 375.
235
What is the remainder when 937 is divided by 37?
12
What is the remainder when 329 is divided by 28?
21
Calculate the remainder when 137 is divided by 7.
4
Calculate the remainder when 695 is divided by 9.
2
Calculate the remainder when 99 is divided by 53.
46
What is the remainder when 44 is divided by 7?
2
What is the remainder when 784 is divided by 95?
24
Calculate the remainder when 87 is divided by 44.
43
Calculate the remainder when 130 is divided by 44.
42
Calculate the remainder when 102 is divided by 19.
7
Calculate the remainder when 2471 is divided by 54.
41
What is the remainder when 1442 is divided by 39?
38
What is the remainder when 5543 is divided by 21?
20
What is the remainder when 34608 is divided by 68?
64
What is the remainder when 6591 is divided by 103?
102
Calculate the remainder when 715 is divided by 4.
3
Calculate the remainder when 68 is divided by 64.
4
Calculate the remainder when 2434 is divided by 163.
152
Calculate the remainder when 82 is divided by 8.
2
What is the remainder when 386 is divided by 13?
9
Calculate the remainder when 2022 is divided by 40.
22
Calculate the remainder when 1126 is divided by 141.
139
Calculate the remainder when 509 is divided by 168.
5
What is the remainder when 102 is divided by 43?
16
Calculate the remainder when 3466 is divided by 47.
35
Calculate the remainder when 16949 is divided by 163.
160
What is the remainder when 304 is divided by 27?
7
What is the remainder when 1956 is divided by 150?
6
What is the remainder when 13961 is divided by 6?
5
What is the remainder when 279 is divided by 20?
19
Calculate the remainder when 778 is divided by 12.
10
Calculate the remainder when 1865 is divided by 305.
35
What is the remainder when 716 is divided by 120?
116
What is the remainder when 343 is divided by 121?
101
What is the remainder when 168 is divided by 15?
3
What is the remainder when 446 is divided by 150?
146
Calculate the remainder when 2793 is divided by 43.
41
Calculate the remainder when 323 is divided by 30.
23
What is the remainder when 1978 is divided by 44?
42
What is the remainder when 23 is divided by 13?
10
Calculate the remainder when 125 is divided by 18.
17
Calculate the remainder when 53 is divided by 9.
8
Calculate the remainder when 579 is divided by 82.
5
Calculate the remainder when 2357 is divided by 571.
73
Calculate the remainder when 75322 is divided by 131.
128
What is the remainder when 26 is divided by 9?
8
Calculate the remainder when 210 is divided by 50.
10
Calculate the remainder when 637 is divided by 64.
61
Calculate the remainder when 1140 is divided by 25.
15
What is the remainder when 291 is divided by 19?
6
Calculate the remainder when 86 is divided by 22.
20
What is the remainder when 21 is divided by 2?
1
Calculate the remainder when 97 is divided by 21.
13
What is the remainder when 50 is divided by 9?
5
What is the remainder when 919 is divided by 15?
4
Calculate the remainder when 8399 is divided by 100.
99
What is the remainder when 11824 is divided by 162?
160
Calculate the remainder when 5895 is divided by 20.
15
Calculate the remainder when 23 is divided by 4.
3
Calculate the remainder when 52 is divided by 16.
4
What is the remainder when 75 is divided by 41?
34
What is the remainder when 888 is divided by 32?
24
Calculate the remainder when 153 is divided by 41.
30
What is the remainder when 97 is divided by 34?
29
What is the remainder when 34 is divided by 29?
5
What is the remainder when 1006 is divided by 206?
182
What is the remainder when 1077 is divided by 155?
147
Calculate the remainder when 70518 is divided by 33.
30
Calculate the remainder when 657 is divided by 172.
141
Calculate the remainder when 2202 is divided by 45.
42
Calculate the remainder when 194 is divided by 46.
10
What is the remainder when 869 is divided by 189?
113
Calculate the remainder when 350 is divided by 22.
20
Calculate the remainder when 20 is divided by 17.
3
Calculate the remainder when 4110 is divided by 111.
3
Calculate the remainder when 8576 is divided by 23.
20
Calculate the remainder when 634 is divided by 6.
4
Calculate the remainder when 440 is divided by 58.
34
What is the remainder when 29 is divided by 6?
5
What is the remainder when 286 is divided by 24?
22
Calculate the remainder when 374 is divided by 21.
17
What is the remainder when 959 is divided by 32?
31
Calculate the remainder when 664 is divided by 320.
24
Calculate the remainder when 506 is divided by 497.
9
What is the remainder when 51 is divided by 22?
7
Calculate the remainder when 246 is divided by 71.
33
Calculate the remainder when 3322 is divided by 69.
10
What is the remainder when 294 is divided by 89?
27
What is the remainder when 399 is divided by 102?
93
Calculate the remainder when 160 is divided by 42.
34
Calculate the remainder when 316 is divided by 301.
15
Calculate the remainder when 85 is divided by 15.
10
What is the remainder when 131 is divided by 64?
3
Calculate the remainder when 2454 is divided by 91.
88
What is the remainder when 216 is divided by 11?
7
What is the remainder when 52 is divided by 12?
4
Calculate the remainder when 2880 is divided by 74.
68
Calculate the remainder when 252 is divided by 97.
58
What is the remainder when 1248 is divided by 18?
6
What is the remainder when 406 is divided by 49?
14
Calculate the remainder when 788 is divided by 38.
28
What is the remainder when 8583 is divided by 74?
73
Calculate the remainder when 365 is divided by 101.
62
Calculate the remainder when 224 is divided by 214.
10
Calculate the remainder when 1825 is divided by 78.
31
What is the remainder when 162 is divided by 50?
12
Calculate the remainder when 778 is divided by 26.
24
What is the remainder when 299 is divided by 127?
45
Calculate the remainder when 961 is divided by 319.
4
What is the remainder when 326 is divided by 87?
65
Calculate the remainder when 2690 is divided by 69.
68
What is the remainder when 153 is divided by 7?
6
Calculate the remainder when 1099 is divided by 20.
19
What is the remainder when 107 is divided by 94?
13
Calculate the remainder when 38 is divided by 27.
11
What is the remainder when 191 is divided by 13?
9
What is the remainder when 213 is divided by 22?
15
What is the remainder when 138 is divided by 10?
8
Calculate the remainder when 374 is divided by 18.
14
Calculate the remainder when 1771 is divided by 3.
1
Calculate the remainder when 1384 is divided by 73.
70
What is the remainder when 19685 is divided by 92?
89
What is the remainder when 494 is divided by 56?
46
Calculate the remainder when 25674 is divided by 37.
33
What is the remainder when 4849 is divided by 1610?
19
What is the remainder when 892 is divided by 56?
52
What is the remainder when 32 is divided by 13?
6
Calculate the remainder when 12976 is divided by 19.
18
Calculate the remainder when 17890 is divided by 14.
12
Calculate the remainder when 63 is divided by 37.
26
What is the remainder when 1290 is divided by 239?
95
Calculate the remainder when 161 is